{"id":45,"date":"2024-03-24T14:27:57","date_gmt":"2024-03-24T14:27:57","guid":{"rendered":"https:\/\/anabolaandrogenasteroider.com\/?page_id=45"},"modified":"2024-03-24T14:28:31","modified_gmt":"2024-03-24T14:28:31","slug":"kop-testosteron","status":"publish","type":"page","link":"https:\/\/anabolaandrogenasteroider.com\/index.php\/kop-testosteron\/","title":{"rendered":"K\u00f6p testosteron"},"content":{"rendered":"\n<p>Idag pratas det om testosteron mer \u00e4n n\u00e5gonsin. Allt fr\u00e5n testosteroners\u00e4ttning, till att boosta sina testosteronniv\u00e5er och f\u00f6r att tills\u00e4tta h\u00f6gre doser av <a href=\"https:\/\/anabolasteroider.net\/shop\/alla-produkter\/testosterone-enanthate-2000mg\/\" target=\"_blank\" rel=\"noreferrer noopener\">testosteron <\/a>f\u00f6r att bygga maximalt med muskelmassa. P\u00e5 anabolasteroider.net s\u00e5 finns det flera varianter av testosteron av h\u00f6g kvalitet till rimligt pris. L\u00e4s mer p\u00e5 deras hemsida genom att <a href=\"https:\/\/anabolasteroider.net\/\" target=\"_blank\" rel=\"noreferrer noopener\">klicka h\u00e4r<\/a>, eller g\u00e5 in p\u00e5 <a href=\"https:\/\/anabolasteroider.net\/shop\/alla-produkter\/testosterone-enanthate-2000mg\/\" target=\"_blank\" rel=\"noreferrer noopener\">www.anabolasteroider.net<\/a><\/p>\n\n\n\n<div class=\"wp-block-media-text alignwide is-stacked-on-mobile\"><figure class=\"wp-block-media-text__media\"><img decoding=\"async\" loading=\"lazy\" width=\"768\" height=\"768\" src=\"http:\/\/anabolaandrogenasteroider.com\/wp-content\/uploads\/2024\/03\/testosterone_enanthate_100mg_3-768x768-1.jpg\" alt=\"k\u00f6p testosteron\" class=\"wp-image-46 size-full\" srcset=\"https:\/\/anabolaandrogenasteroider.com\/wp-content\/uploads\/2024\/03\/testosterone_enanthate_100mg_3-768x768-1.jpg 768w, https:\/\/anabolaandrogenasteroider.com\/wp-content\/uploads\/2024\/03\/testosterone_enanthate_100mg_3-768x768-1-300x300.jpg 300w, https:\/\/anabolaandrogenasteroider.com\/wp-content\/uploads\/2024\/03\/testosterone_enanthate_100mg_3-768x768-1-150x150.jpg 150w, https:\/\/anabolaandrogenasteroider.com\/wp-content\/uploads\/2024\/03\/testosterone_enanthate_100mg_3-768x768-1-230x230.jpg 230w, https:\/\/anabolaandrogenasteroider.com\/wp-content\/uploads\/2024\/03\/testosterone_enanthate_100mg_3-768x768-1-350x350.jpg 350w, https:\/\/anabolaandrogenasteroider.com\/wp-content\/uploads\/2024\/03\/testosterone_enanthate_100mg_3-768x768-1-480x480.jpg 480w\" sizes=\"(max-width: 768px) 100vw, 768px\" \/><\/figure><div class=\"wp-block-media-text__content\">\n<h3><br>Testosterone Enanthate<\/h3>\n\n\n\n<p>Testosterone Enanthate anv\u00e4nds som bas i de flesta steroiduppl\u00e4gg. Testosterone Enanthate \u00e4r den Europeiska versionen av testosteron.\u00a0<a href=\"https:\/\/anabolasteroider.net\/produkt\/testosterone-cypionate-2000mg\/\">Testosterone Cypionate<\/a>\u00a0\u00e4r den Amerikanska versionen. B\u00e5da dessa testosteron har l\u00e5ngsamma estrar vilket betyder att du inte beh\u00f6ver injicera lika ofta som vid en snabb ester.<\/p>\n\n\n\n<p>Text och bild \u00e4r h\u00e4mtat fr\u00e5n <a href=\"https:\/\/anabolasteroider.net\/\">anabolasteroider.net\u00a0<\/a><\/p>\n<\/div><\/div>\n","protected":false},"excerpt":{"rendered":"<p>Idag pratas det om testosteron mer \u00e4n n\u00e5gonsin. Allt fr\u00e5n testosteroners\u00e4ttning, till att boosta sina testosteronniv\u00e5er och f\u00f6r att tills\u00e4tta h\u00f6gre doser [&hellip;]<\/p>\n","protected":false},"author":2,"featured_media":0,"parent":0,"menu_order":0,"comment_status":"closed","ping_status":"closed","template":"","meta":[],"yoast_head":"<!-- This site is optimized with the Yoast SEO plugin v20.1 - https:\/\/yoast.com\/wordpress\/plugins\/seo\/ -->\n<title>K\u00f6p testosteron - anabolaandrogenasteroider.com<\/title>\n<meta name=\"description\" content=\"P\u00e5 anabolasteroider.net s\u00e5 finns det flera varianter av testosteron av h\u00f6g kvalitet till bra priser.\" \/>\n<meta name=\"robots\" content=\"index, follow, max-snippet:-1, max-image-preview:large, max-video-preview:-1\" \/>\n<link rel=\"canonical\" href=\"https:\/\/anabolaandrogenasteroider.com\/index.php\/kop-testosteron\/\" \/>\n<meta property=\"og:locale\" content=\"sv_SE\" \/>\n<meta property=\"og:type\" content=\"article\" \/>\n<meta property=\"og:title\" content=\"K\u00f6p testosteron - anabolaandrogenasteroider.com\" \/>\n<meta property=\"og:description\" content=\"P\u00e5 anabolasteroider.net s\u00e5 finns det flera varianter av testosteron av h\u00f6g kvalitet till bra priser.\" \/>\n<meta property=\"og:url\" content=\"https:\/\/anabolaandrogenasteroider.com\/index.php\/kop-testosteron\/\" \/>\n<meta property=\"og:site_name\" content=\"anabolaandrogenasteroider.com\" \/>\n<meta property=\"article:modified_time\" content=\"2024-03-24T14:28:31+00:00\" \/>\n<meta property=\"og:image\" content=\"http:\/\/anabolaandrogenasteroider.com\/wp-content\/uploads\/2024\/03\/testosterone_enanthate_100mg_3-768x768-1.jpg\" \/>\n<meta name=\"twitter:card\" content=\"summary_large_image\" \/>\n<meta name=\"twitter:label1\" content=\"Ber\u00e4knad l\u00e4stid\" \/>\n\t<meta name=\"twitter:data1\" content=\"1 minut\" \/>\n<script type=\"application\/ld+json\" class=\"yoast-schema-graph\">{\"@context\":\"https:\/\/schema.org\",\"@graph\":[{\"@type\":\"WebPage\",\"@id\":\"https:\/\/anabolaandrogenasteroider.com\/index.php\/kop-testosteron\/\",\"url\":\"https:\/\/anabolaandrogenasteroider.com\/index.php\/kop-testosteron\/\",\"name\":\"K\u00f6p testosteron - anabolaandrogenasteroider.com\",\"isPartOf\":{\"@id\":\"https:\/\/anabolaandrogenasteroider.com\/#website\"},\"datePublished\":\"2024-03-24T14:27:57+00:00\",\"dateModified\":\"2024-03-24T14:28:31+00:00\",\"description\":\"P\u00e5 anabolasteroider.net s\u00e5 finns det flera varianter av testosteron av h\u00f6g kvalitet till bra priser.\",\"breadcrumb\":{\"@id\":\"https:\/\/anabolaandrogenasteroider.com\/index.php\/kop-testosteron\/#breadcrumb\"},\"inLanguage\":\"sv-SE\",\"potentialAction\":[{\"@type\":\"ReadAction\",\"target\":[\"https:\/\/anabolaandrogenasteroider.com\/index.php\/kop-testosteron\/\"]}]},{\"@type\":\"BreadcrumbList\",\"@id\":\"https:\/\/anabolaandrogenasteroider.com\/index.php\/kop-testosteron\/#breadcrumb\",\"itemListElement\":[{\"@type\":\"ListItem\",\"position\":1,\"name\":\"Hem\",\"item\":\"https:\/\/anabolaandrogenasteroider.com\/\"},{\"@type\":\"ListItem\",\"position\":2,\"name\":\"K\u00f6p testosteron\"}]},{\"@type\":\"WebSite\",\"@id\":\"https:\/\/anabolaandrogenasteroider.com\/#website\",\"url\":\"https:\/\/anabolaandrogenasteroider.com\/\",\"name\":\"anabolaandrogenasteroider.com\",\"description\":\"\",\"potentialAction\":[{\"@type\":\"SearchAction\",\"target\":{\"@type\":\"EntryPoint\",\"urlTemplate\":\"https:\/\/anabolaandrogenasteroider.com\/?s={search_term_string}\"},\"query-input\":\"required name=search_term_string\"}],\"inLanguage\":\"sv-SE\"}]}<\/script>\n<!-- \/ Yoast SEO plugin. -->","yoast_head_json":{"title":"K\u00f6p testosteron - anabolaandrogenasteroider.com","description":"P\u00e5 anabolasteroider.net s\u00e5 finns det flera varianter av testosteron av h\u00f6g kvalitet till bra priser.","robots":{"index":"index","follow":"follow","max-snippet":"max-snippet:-1","max-image-preview":"max-image-preview:large","max-video-preview":"max-video-preview:-1"},"canonical":"https:\/\/anabolaandrogenasteroider.com\/index.php\/kop-testosteron\/","og_locale":"sv_SE","og_type":"article","og_title":"K\u00f6p testosteron - anabolaandrogenasteroider.com","og_description":"P\u00e5 anabolasteroider.net s\u00e5 finns det flera varianter av testosteron av h\u00f6g kvalitet till bra priser.","og_url":"https:\/\/anabolaandrogenasteroider.com\/index.php\/kop-testosteron\/","og_site_name":"anabolaandrogenasteroider.com","article_modified_time":"2024-03-24T14:28:31+00:00","og_image":[{"url":"http:\/\/anabolaandrogenasteroider.com\/wp-content\/uploads\/2024\/03\/testosterone_enanthate_100mg_3-768x768-1.jpg"}],"twitter_card":"summary_large_image","twitter_misc":{"Ber\u00e4knad l\u00e4stid":"1 minut"},"schema":{"@context":"https:\/\/schema.org","@graph":[{"@type":"WebPage","@id":"https:\/\/anabolaandrogenasteroider.com\/index.php\/kop-testosteron\/","url":"https:\/\/anabolaandrogenasteroider.com\/index.php\/kop-testosteron\/","name":"K\u00f6p testosteron - anabolaandrogenasteroider.com","isPartOf":{"@id":"https:\/\/anabolaandrogenasteroider.com\/#website"},"datePublished":"2024-03-24T14:27:57+00:00","dateModified":"2024-03-24T14:28:31+00:00","description":"P\u00e5 anabolasteroider.net s\u00e5 finns det flera varianter av testosteron av h\u00f6g kvalitet till bra priser.","breadcrumb":{"@id":"https:\/\/anabolaandrogenasteroider.com\/index.php\/kop-testosteron\/#breadcrumb"},"inLanguage":"sv-SE","potentialAction":[{"@type":"ReadAction","target":["https:\/\/anabolaandrogenasteroider.com\/index.php\/kop-testosteron\/"]}]},{"@type":"BreadcrumbList","@id":"https:\/\/anabolaandrogenasteroider.com\/index.php\/kop-testosteron\/#breadcrumb","itemListElement":[{"@type":"ListItem","position":1,"name":"Hem","item":"https:\/\/anabolaandrogenasteroider.com\/"},{"@type":"ListItem","position":2,"name":"K\u00f6p testosteron"}]},{"@type":"WebSite","@id":"https:\/\/anabolaandrogenasteroider.com\/#website","url":"https:\/\/anabolaandrogenasteroider.com\/","name":"anabolaandrogenasteroider.com","description":"","potentialAction":[{"@type":"SearchAction","target":{"@type":"EntryPoint","urlTemplate":"https:\/\/anabolaandrogenasteroider.com\/?s={search_term_string}"},"query-input":"required name=search_term_string"}],"inLanguage":"sv-SE"}]}},"_links":{"self":[{"href":"https:\/\/anabolaandrogenasteroider.com\/index.php\/wp-json\/wp\/v2\/pages\/45"}],"collection":[{"href":"https:\/\/anabolaandrogenasteroider.com\/index.php\/wp-json\/wp\/v2\/pages"}],"about":[{"href":"https:\/\/anabolaandrogenasteroider.com\/index.php\/wp-json\/wp\/v2\/types\/page"}],"author":[{"embeddable":true,"href":"https:\/\/anabolaandrogenasteroider.com\/index.php\/wp-json\/wp\/v2\/users\/2"}],"replies":[{"embeddable":true,"href":"https:\/\/anabolaandrogenasteroider.com\/index.php\/wp-json\/wp\/v2\/comments?post=45"}],"version-history":[{"count":1,"href":"https:\/\/anabolaandrogenasteroider.com\/index.php\/wp-json\/wp\/v2\/pages\/45\/revisions"}],"predecessor-version":[{"id":48,"href":"https:\/\/anabolaandrogenasteroider.com\/index.php\/wp-json\/wp\/v2\/pages\/45\/revisions\/48"}],"wp:attachment":[{"href":"https:\/\/anabolaandrogenasteroider.com\/index.php\/wp-json\/wp\/v2\/media?parent=45"}],"curies":[{"name":"wp","href":"https:\/\/api.w.org\/{rel}","templated":true}]}}